 factors of 497844528.
2, 3, 2971, 3491
List the prime factors of 81998080.
2, 5, 29, 47
What are the prime factors of 2756099102?
2, 1378049551
What are the prime factors of 2678932120?
2, 5, 61, 1097923
List the prime factors of 939293002.
2, 469646501
What are the prime factors of 46209155?
5, 9241831
What are the prime factors of 33726731?
421, 80111
What are the prime factors of 643770443?
149, 4320607
What are the prime factors of 3872601715?
5, 43, 283, 63647
List the prime factors of 183825212.
2, 45956303
List the prime factors of 435553.
435553
List the prime factors of 29478567.
3, 101, 271, 359
List the prime factors of 1205398880.
2, 5, 7, 283, 3803
List the prime factors of 696664676.
2, 174166169
List the prime factors of 83143109.
7, 11877587
List the prime factors of 3277503219.
3, 17, 64264769
List the prime factors of 19797847.
19797847
What are the prime factors of 48729817?
157, 211, 1471
What are the prime factors of 242871382?
2, 13, 67, 107, 1303
List the prime factors of 841163556.
2, 3, 70096963
List the prime factors of 342019646.
2, 19, 9000517
List the prime factors of 1556331933.
3, 13, 19, 2100313
What are the prime factors of 1862681979?
3, 23, 53, 59, 89, 97
List the prime factors of 11551835.
5, 2310367
List the prime factors of 1143514279.
97, 11788807
List the prime factors of 370041614.
2, 97, 1907431
What are the prime factors of 56021274?
2, 3, 47, 22073
List the prime factors of 63671811.
3, 7, 41, 73951
List the prime factors of 434345530.
2, 5, 503, 86351
List the prime factors of 13758797.
13, 17, 4789
List the prime factors of 109934356.
2, 7, 3926227
List the prime factors of 260555863.
260555863
What are the prime factors of 1114478393?
7, 1279, 17783
What are the prime factors of 139053777?
3, 47, 986197
List the prime factors of 280957476.
2, 3, 2689, 8707
List the prime factors of 2197154577.
3, 6563, 111593
What are the prime factors of 680577679?
4483, 151813
What are the prime factors of 5865022873?
223, 26300551
What are the prime factors of 295120152?
2, 3, 1366297
List the prime factors of 391532008.
2, 7, 457, 15299
What are the prime factors of 1148157335?
5, 13, 1993, 8863
What are the prime factors of 381584291?
11, 29, 199, 6011
List the prime factors of 176101186.
2, 4091, 21523
List the prime factors of 508183789.
37, 877, 15661
List the prime factors of 88159556.
2, 4639, 4751
What are the prime factors of 60819383?
23, 59, 44819
List the prime factors of 590173684.
2, 389, 379289
What are the prime factors of 4385103719?
4385103719
What are the prime factors of 249603838?
2, 11, 11345629
List the prime factors of 1645287885.
3, 5, 29, 1260757
What are the prime factors of 82558187?
6791, 12157
What are the prime factors of 202970104?
2, 25371263
What are the prime factors of 130224863?
71, 1834153
List the prime factors of 23726596.
2, 5931649
List the prime factors of 25557592.
2, 73, 107, 409
What are the prime factors of 540122489?
71, 7607359
List the prime factors of 997831585.
5, 131, 1523407
What are the prime factors of 36554365?
5, 53, 137941
List the prime factors of 285319504.
2, 19, 149, 6299
What are the prime factors of 50073276?
2, 3, 11, 379343
What are the prime factors of 139918174?
2, 11, 6359917
What are the prime factors of 2538391323?
3, 13, 131, 38219
What are the prime factors of 174598574?
2, 87299287
List the prime factors of 1328304458.
2, 13, 29, 1761677
What are the prime factors of 298073321?
7, 13, 41, 101, 113
What are the prime factors of 221386405?
5, 293, 349, 433
List the prime factors of 271152404.
2, 67788101
What are the prime factors of 69005257?
229, 301333
List the prime factors of 697131469.
697131469
What are the prime factors of 1765860?
2, 3, 5, 19, 1549
What are the prime factors of 91543148?
2, 22885787
List the prime factors of 60703771.
103, 589357
List the prime factors of 449286226.
2, 557, 403309
What are the prime factors of 263539694?
2, 11, 167, 6521
What are the prime factors of 576424008?
2, 3, 71, 112759
List the prime factors of 154757058.
2, 3, 25792843
List the prime factors of 336536412.
2, 3, 89, 315109
List the prime factors of 301023794.
2, 17, 8853641
List the prime factors of 1144985760.
2, 3, 5, 71, 3733
List the prime factors of 48065300.
2, 5, 83, 5791
What are the prime factors of 390143872?
2, 19, 59, 2719
What are the prime factors of 275951756?
2, 68987939
What are the prime factors of 72279315?
3, 5, 37, 43411
What are the prime factors of 629057649?
3, 11, 353, 54001
What are the prime factors of 3078539465?
5, 59, 1303, 8009
What are the prime factors of 1318576638?
2, 3, 3049, 72077
List the prime factors of 293440439.
61, 4810499
What are the prime factors of 1125921339?
3, 17, 2549, 2887
What are the prime factors of 1791206256?
2, 3, 7, 73, 103, 709
What are the prime factors of 26462319?
3, 13, 17, 167, 239
What are the prime factors of 4653090874?
2, 277, 8399081
List the prime factors of 733079723.
31, 1367, 17299
List the prime factors of 1914422828.
2, 478605707
List the prime factors of 93480183.
3, 3462229
What are the prime factors of 1829145049?
31, 59004679
What are the prime factors of 1568317789?
307, 1123, 4549
What are the prime factors of 736487078?
2, 368243539
What are the prime factors of 636769994?
2, 7, 29, 224057
What are the prime factors of 229394683?
7, 4951, 6619
What are the prime factors of 743508922?
2, 13, 1487, 19231
What are the prime factors of 44114664?
2, 3, 11, 1381
List the prime factors of 15308565.
3, 5, 37, 27583
What are the prime factors of 117061136?
2, 43, 229, 743
What are the prime factors of 14858721?
3, 47, 1301
What are the prime factors of 596007457?
31, 89, 216023
What are the prime factors of 648639957?
3, 7, 1553, 19889
List the prime factors of 174578657.
11, 211, 75217
What are the prime factors of 13450616?
2, 113, 14879
What are the prime factors of 2815729202?
2, 11, 13, 41, 109, 2203
What are the prime factors of 71428759?
37, 173, 11159
List the prime factors of 106290088.
2, 13286261
List the prime factors of 2269486357.
2269486357
What are the prime factors of 5837164389?
3, 7, 47, 1971349
What are the prime factors of 25543836?
2, 3, 78839
What are the prime factors of 52669703?
52669703
List the prime factors of 893761932.
2, 3, 7, 10640023
What are the prime factors of 413400157?
19, 2917, 7459
List the prime factors of 711408065.
5, 37, 3845449
List the prime factors of 2970601262.
2, 1485300631
List the prime factors of 27479665.
5, 5495933
List the prime factors of 171924373.
1217, 141269
What are the prime factors of 110539953?
3, 12282217
What are the prime factors of 5163542?
2, 2581771
What are the prime factors of 700445276?
2, 257, 681367
What are the prime factors of 3576271662?
2, 3, 31, 712121
What are the prime factors of 162978681?
3, 1783, 30469
List the prime factors of 189982933.
7, 83, 326993
What are the prime factors of 862839216?
2, 3, 17, 39163
List the prime factors of 225456736.
2, 19, 601, 617
List the prime factors of 4707236.
2, 683, 1723
List the prime factors of 177855216.
2, 3, 7, 11, 48121
What are the prime factors of 9807586?
2, 1531, 3203
What are the prime factors of 2770798053?
3, 12457, 74143
List the prime factors of 340477814.
2, 113, 149, 10111
List the prime factors of 25489922.
2, 12744961
List the prime factors of 14015403.
3, 519089
What are the prime factors of 6459920118?
2, 3, 358884451
What are the prime factors of 5777206?
2, 29, 99607
What are the prime factors of 1565619427?
313, 5001979
List the prime factors of 2827932989.
7, 47, 8595541
What are the prime factors of 1361683073?
5087, 267679
What are the prime factors of 51474022?
2, 25737011
What are the prime factors of 52977155?
5, 7, 11, 37, 3719
List the prime factors of 40516799.
29, 1397131
List the prime factors of 2271453568.
2, 17745731
What are the prime factors of 790281812?
2, 1283, 153991
What are the prime factors of 992332625?
5, 2729, 2909
List the prime factors of 24470745.
3, 5, 13, 67, 1873
What are the prime factors of 74485160?
2, 5, 17, 109537
List the prime factors of 579142902.
2, 3, 13, 7424909
List the prime factors of 108148361.
19, 1291, 4409
What are the prime factors of 699351528?
2, 3, 29139647
List